{"id":755,"date":"2024-10-02T19:40:26","date_gmt":"2024-10-02T17:40:26","guid":{"rendered":"https:\/\/activlife.be\/?page_id=755"},"modified":"2026-01-29T20:39:18","modified_gmt":"2026-01-29T19:39:18","slug":"activpad","status":"publish","type":"page","link":"https:\/\/activlife.be\/index.php\/activpad\/","title":{"rendered":"Prix, infos Padel"},"content":{"rendered":"\n<p class=\"has-text-align-center\"><strong>Cours de Padel &#8211; Hall Sportif Grez-Doiceau<\/strong><\/p>\n\n\n<div class=\"wp-block-image is-resized\">\n<figure class=\"aligncenter size-large\"><img loading=\"lazy\" decoding=\"async\" width=\"1024\" height=\"1024\" src=\"https:\/\/activlife.be\/wp-content\/uploads\/2024\/10\/LOGO_ACTIV_PAD_Q_VEC-1-1024x1024.png\" alt=\"\" class=\"wp-image-760\" style=\"width:230px;height:auto\" srcset=\"https:\/\/activlife.be\/wp-content\/uploads\/2024\/10\/LOGO_ACTIV_PAD_Q_VEC-1-1024x1024.png 1024w, https:\/\/activlife.be\/wp-content\/uploads\/2024\/10\/LOGO_ACTIV_PAD_Q_VEC-1-300x300.png 300w, https:\/\/activlife.be\/wp-content\/uploads\/2024\/10\/LOGO_ACTIV_PAD_Q_VEC-1-150x150.png 150w, https:\/\/activlife.be\/wp-content\/uploads\/2024\/10\/LOGO_ACTIV_PAD_Q_VEC-1-768x768.png 768w, https:\/\/activlife.be\/wp-content\/uploads\/2024\/10\/LOGO_ACTIV_PAD_Q_VEC-1.png 1181w\" sizes=\"auto, (max-width: 1024px) 100vw, 1024px\" \/><\/figure><\/div>\n\n<p style=\"text-align: center;\">Envie de d\u00e9couvrir le padel ou de perfectionner votre jeu ?<\/p>\n<p style=\"text-align: center;\"><span style=\"font-size: revert;\">Nous vous proposons des cours adapt\u00e9s \u00e0 tous les niveaux, que vous soyez d\u00e9butant ou exp\u00e9riment\u00e9. Nous offrons des sessions encadr\u00e9es par des entra\u00eeneurs qualifi\u00e9s, dans une ambiance conviviale et dynamique.<\/span><\/p>\n<ul>\n<li>\n<p class=\"p1\"><span style=\"background-color: #ff9900;\"><b>Cours annuels<\/b><\/span><\/p>\n<\/li>\n<\/ul>\n<p>\ud83d\udcc5 <b>Horaires propos\u00e9s<\/b> : cours collectifs 1h\/semaine du 10\/09\/2025 au 16\/5\/2026 ( Pas cours pendant les vacances scolaires) :<\/p>\n<p><b>Jeunes (7 \u00e0 11\/12 ans) :<\/b><b><\/b><\/p>\n<ul>\n<li>Mercredi : <b>14h00 et \/ou 15h00<\/b><b><\/b><\/li>\n<li>Vendredi : <strong>16h00 <b>et \/<\/b><\/strong><strong><b>ou <\/b>17h00<\/strong><\/li>\n<li>Samedi : <b>10h00 <\/b><strong><b>et \/<\/b><\/strong><strong><b>ou <\/b><\/strong><b>11h00<\/b><b><\/b><\/li>\n<\/ul>\n<p><b>Ados (13 \u00e0 17 ans) :<\/b><b><\/b><\/p>\n<ul>\n<li>Mercredi : <b>15h00 et \/ou 16h00 et \/ ou 17h00<\/b><b><\/b><\/li>\n<li>Vendredi : <strong>17h00<\/strong><\/li>\n<li>Samedi : <b>11h00<\/b><\/li>\n<\/ul>\n<p><strong>Adultes :<\/strong><\/p>\n<ul>\n<li>Lundi : <b>18H00<\/b><\/li>\n<li>Jeudi : <strong>18h00<\/strong><\/li>\n<\/ul>\n<p><strong>\ud83d\udcb2Prix cours<\/strong> : 450 \u20ac (1h\/semaine, groupe de 4, du 10\/09\/2025 au 16\/5\/2026)<\/p>\n<ul>\n<li><span style=\"background-color: #ff9900;\"><b>Cycles de cours\u00a0<\/b><\/span><\/li>\n<\/ul>\n<p class=\"p1\"><span class=\"s1\">\ud83d\udcc5 <b>Horaires propos\u00e9s<\/b> : <\/span><\/p>\n<p class=\"p1\"><span class=\"s1\">Les cours peuvent avoir lieu <\/span><span class=\"s2\">n\u2019importe quel jour de la semaine<\/span><span class=\"s1\">, en journ\u00e9e ou en soir\u00e9e. <\/span><span class=\"s1\">Nous formons les groupes en tenant compte de vos<\/span><span class=\"s2\">\u00a0disponibilit\u00e9s<\/span><span class=\"s1\">. <\/span><span class=\"s1\">Indique-nous simplement <\/span><span class=\"s2\">tes jours et heures pr\u00e9f\u00e9r\u00e9s<\/span><span class=\"s1\"> lors de ton inscription.<\/span><\/p>\n\n\n<h2 class=\"wp-block-heading\"><strong>\ud83d\udcb2Prix des cours<\/strong><\/h2>\n\n\n\n<figure class=\"wp-block-table is-style-stripes\"><table><thead><tr><th><strong>Heure<\/strong><\/th><th><strong>Prix par personne pour     1 cours<\/strong><\/th><th><strong>Prix par personne pour   5 cours<\/strong><\/th><th><strong>Prix par personne pour 10 cours<\/strong><\/th><\/tr><\/thead><tbody><tr><td><strong>Heure <\/strong><\/td><td>4 personnes : 19,00 \u20ac<br>3 personnes : 25,00 \u20ac<br>2 personnes : 36,00 \u20ac<\/td><td>4 personnes : 90,00 \u20ac<br>3 personnes : 120,00 \u20ac<br>2 personnes : 180,00 \u20ac<\/td><td>4 personnes : 174,00 \u20ac<br>3 personnes : 232,00 \u20ac<br>2 personnes : 348,00 \u20ac<\/td><\/tr><\/tbody><\/table><figcaption class=\"wp-element-caption\">Le cours inclut la location du terrain, les raquettes, ainsi que le mat\u00e9riel (balles et \u00e9quipements divers).<\/figcaption><\/figure>\n\n\n<p><\/p>\n<p><strong>Horaires des cours Individuel<\/strong> :<\/p>\n<p> <\/p>\n<p>Merci de nous contacter par mail ou par t\u00e9l\u00e9phone.<\/p>\n<p> <\/p>\n<h2 class=\"wp-block-heading\">Inscription<\/h2>\n<p> <\/p>\n<p>Pour vous inscrire \u00e0 nos cours, veuillez remplir le formulaire d&rsquo;inscription <span style=\"color: #ff9900;\"><a style=\"color: #ff9900;\" href=\"https:\/\/activlife.be\/index.php\/inscription-padel\/\" data-type=\"URL\" data-id=\"https:\/\/activlife.be\/index.php\/inscription-padel\/\">cliquez-ici<\/a><\/span> ou nous contacter directement. Nous nous adapterons \u00e0 vos besoins et cr\u00e9erons des groupes en fonction de la demande.<\/p>\n<p> <\/p>\n<p>Contact : Thomas Gelin \/ t\u00e9l\u00e9phone : 0471\/94 86 42 \/ mail : activlife.asbl@gmail.com<\/p>\n<p> <\/p>\n<p>\u00a0<\/p>\n<p><\/p>","protected":false},"excerpt":{"rendered":"<p>Cours de Padel &#8211; Hall Sportif Grez-Doiceau Envie de d\u00e9couvrir le padel ou de perfectionner votre jeu ? Nous vous proposons des cours adapt\u00e9s \u00e0 tous les niveaux, que vous soyez d\u00e9butant ou exp\u00e9riment\u00e9. Nous offrons des sessions encadr\u00e9es par &hellip; <a href=\"https:\/\/activlife.be\/index.php\/activpad\/\">Continuer la lecture <span class=\"meta-nav\">&rarr;<\/span><\/a><\/p>\n","protected":false},"author":1,"featured_media":774,"parent":0,"menu_order":0,"comment_status":"closed","ping_status":"closed","template":"","meta":{"inline_featured_image":false,"footnotes":""},"class_list":["post-755","page","type-page","status-publish","has-post-thumbnail","hentry"],"_links":{"self":[{"href":"https:\/\/activlife.be\/index.php\/wp-json\/wp\/v2\/pages\/755","targetHints":{"allow":["GET"]}}],"collection":[{"href":"https:\/\/activlife.be\/index.php\/wp-json\/wp\/v2\/pages"}],"about":[{"href":"https:\/\/activlife.be\/index.php\/wp-json\/wp\/v2\/types\/page"}],"author":[{"embeddable":true,"href":"https:\/\/activlife.be\/index.php\/wp-json\/wp\/v2\/users\/1"}],"replies":[{"embeddable":true,"href":"https:\/\/activlife.be\/index.php\/wp-json\/wp\/v2\/comments?post=755"}],"version-history":[{"count":39,"href":"https:\/\/activlife.be\/index.php\/wp-json\/wp\/v2\/pages\/755\/revisions"}],"predecessor-version":[{"id":1179,"href":"https:\/\/activlife.be\/index.php\/wp-json\/wp\/v2\/pages\/755\/revisions\/1179"}],"wp:featuredmedia":[{"embeddable":true,"href":"https:\/\/activlife.be\/index.php\/wp-json\/wp\/v2\/media\/774"}],"wp:attachment":[{"href":"https:\/\/activlife.be\/index.php\/wp-json\/wp\/v2\/media?parent=755"}],"curies":[{"name":"wp","href":"https:\/\/api.w.org\/{rel}","templated":true}]}}

<p class="has-text-align-center"><strong>Cours de Padel &#8211; Hall Sportif Grez-Doiceau</strong></p>


<div class="wp-block-image is-resized">
<figure class="aligncenter size-large"><img loading="lazy" decoding="async" width="1024" height="1024" src="https://activlife.be/wp-content/uploads/2024/10/LOGO_ACTIV_PAD_Q_VEC-1-1024x1024.png" alt="" class="wp-image-760" style="width:230px;height:auto" srcset="https://activlife.be/wp-content/uploads/2024/10/LOGO_ACTIV_PAD_Q_VEC-1-1024x1024.png 1024w, https://activlife.be/wp-content/uploads/2024/10/LOGO_ACTIV_PAD_Q_VEC-1-300x300.png 300w, https://activlife.be/wp-content/uploads/2024/10/LOGO_ACTIV_PAD_Q_VEC-1-150x150.png 150w, https://activlife.be/wp-content/uploads/2024/10/LOGO_ACTIV_PAD_Q_VEC-1-768x768.png 768w, https://activlife.be/wp-content/uploads/2024/10/LOGO_ACTIV_PAD_Q_VEC-1.png 1181w" sizes="auto, (max-width: 1024px) 100vw, 1024px" /></figure></div>

<p style="text-align: center;">Envie de découvrir le padel ou de perfectionner votre jeu ?</p>
<p style="text-align: center;"><span style="font-size: revert;">Nous vous proposons des cours adaptés à tous les niveaux, que vous soyez débutant ou expérimenté. Nous offrons des sessions encadrées par des entraîneurs qualifiés, dans une ambiance conviviale et dynamique.</span></p>
<ul>
<li>
<p class="p1"><span style="background-color: #ff9900;"><b>Cours annuels</b></span></p>
</li>
</ul>
<p>📅 <b>Horaires proposés</b> : cours collectifs 1h/semaine du 10/09/2025 au 16/5/2026 ( Pas cours pendant les vacances scolaires) :</p>
<p><b>Jeunes (7 à 11/12 ans) :</b><b></b></p>
<ul>
<li>Mercredi : <b>14h00 et /ou 15h00</b><b></b></li>
<li>Vendredi : <strong>16h00 <b>et /</b></strong><strong><b>ou </b>17h00</strong></li>
<li>Samedi : <b>10h00 </b><strong><b>et /</b></strong><strong><b>ou </b></strong><b>11h00</b><b></b></li>
</ul>
<p><b>Ados (13 à 17 ans) :</b><b></b></p>
<ul>
<li>Mercredi : <b>15h00 et /ou 16h00 et / ou 17h00</b><b></b></li>
<li>Vendredi : <strong>17h00</strong></li>
<li>Samedi : <b>11h00</b></li>
</ul>
<p><strong>Adultes :</strong></p>
<ul>
<li>Lundi : <b>18H00</b></li>
<li>Jeudi : <strong>18h00</strong></li>
</ul>
<p><strong>💲Prix cours</strong> : 450 € (1h/semaine, groupe de 4, du 10/09/2025 au 16/5/2026)</p>
<ul>
<li><span style="background-color: #ff9900;"><b>Cycles de cours </b></span></li>
</ul>
<p class="p1"><span class="s1">📅 <b>Horaires proposés</b> : </span></p>
<p class="p1"><span class="s1">Les cours peuvent avoir lieu </span><span class="s2">n’importe quel jour de la semaine</span><span class="s1">, en journée ou en soirée. </span><span class="s1">Nous formons les groupes en tenant compte de vos</span><span class="s2"> disponibilités</span><span class="s1">. </span><span class="s1">Indique-nous simplement </span><span class="s2">tes jours et heures préférés</span><span class="s1"> lors de ton inscription.</span></p>


<h2 class="wp-block-heading"><strong>💲Prix des cours</strong></h2>



<figure class="wp-block-table is-style-stripes"><table><thead><tr><th><strong>Heure</strong></th><th><strong>Prix par personne pour     1 cours</strong></th><th><strong>Prix par personne pour   5 cours</strong></th><th><strong>Prix par personne pour 10 cours</strong></th></tr></thead><tbody><tr><td><strong>Heure </strong></td><td>4 personnes : 19,00 €<br>3 personnes : 25,00 €<br>2 personnes : 36,00 €</td><td>4 personnes : 90,00 €<br>3 personnes : 120,00 €<br>2 personnes : 180,00 €</td><td>4 personnes : 174,00 €<br>3 personnes : 232,00 €<br>2 personnes : 348,00 €</td></tr></tbody></table><figcaption class="wp-element-caption">Le cours inclut la location du terrain, les raquettes, ainsi que le matériel (balles et équipements divers).</figcaption></figure>


<p></p>
<p><strong>Horaires des cours Individuel</strong> :</p>
<p> </p>
<p>Merci de nous contacter par mail ou par téléphone.</p>
<p> </p>
<h2 class="wp-block-heading">Inscription</h2>
<p> </p>
<p>Pour vous inscrire à nos cours, veuillez remplir le formulaire d&rsquo;inscription <span style="color: #ff9900;"><a style="color: #ff9900;" href="https://activlife.be/index.php/inscription-padel/" data-type="URL" data-id="https://activlife.be/index.php/inscription-padel/">cliquez-ici</a></span> ou nous contacter directement. Nous nous adapterons à vos besoins et créerons des groupes en fonction de la demande.</p>
<p> </p>
<p>Contact : Thomas Gelin / téléphone : 0471/94 86 42 / mail : activlife.asbl@gmail.com</p>
<p> </p>
<p> </p>
<p></p>

<p>Cours de Padel &#8211; Hall Sportif Grez-Doiceau Envie de découvrir le padel ou de perfectionner votre jeu ? Nous vous proposons des cours adaptés à tous les niveaux, que vous soyez débutant ou expérimenté. Nous offrons des sessions encadrées par &hellip; <a href="https://activlife.be/index.php/activpad/">Continuer la lecture <span class="meta-nav">&rarr;</span></a></p>
