{"id":146,"date":"2018-05-15T16:58:32","date_gmt":"2018-05-15T14:58:32","guid":{"rendered":"http:\/\/activlife.be\/?page_id=146"},"modified":"2024-12-27T11:20:01","modified_gmt":"2024-12-27T10:20:01","slug":"reglement-interieur","status":"publish","type":"page","link":"https:\/\/activlife.be\/index.php\/reglement-interieur\/","title":{"rendered":"R\u00e9glement Activ Bad"},"content":{"rendered":"<p>Afin de pratiquer\u00a0 votre sport favori dans une bonne ambiance, le respect de tous et des salles que nous louons, voici quelques points \u00e0 garder \u00e0 l\u2019esprit :<\/p>\n<p>Dans la salle prenez votre bouteille d\u2019eau en plastique. Pour votre sant\u00e9 \u2026 et la sant\u00e9 du sol ! Les canettes et autres ne sont pas autoris\u00e9es.<\/p>\n<p>Veillez \u00e0 arr\u00eater votre match \u00e0 temps afin de vous laisser le temps de ranger vos affaires et les filets sans d\u00e9passer le temps imparti \u00e0 la pratique du badminton.<\/p>\n<p>Emportez avec vous vos d\u00e9chets (volants ab\u00eem\u00e9s, bouteilles, emballages, etc.) et utilisez les poubelles pr\u00e9vues \u00e0 cet effet.<\/p>\n<p>Faites attention o\u00f9 vous mettez les pieds ! Ne passez pas sur les terrains occup\u00e9s par d\u2019autres joueurs. Cela est non-seulement d\u00e9sagr\u00e9able pour les personnes qui y jouent, mais peut \u00e9galement s\u2019av\u00e9rer dangereux.<\/p>\n<p>Lorsque un joueur attend un terrain :<br \/>\n&#8211; \u00e9vitez de jouer en simple et privil\u00e9giez les matchs de double<br \/>\n&#8211; lib\u00e9rez le terrain apr\u00e8s votre match afin de cr\u00e9er un roulement. \u00a0 \u00a0 \u00a0 \u00a0 \u00a0 \u00a0 \u00a0 \u00a0 \u00a0 \u00a0 \u00a0 \u00a0 \u00a0 \u00a0 \u00a0 &#8211; Attendez qu\u2019un autre terrain se lib\u00e8re pour recommencer un autre match.<\/p>\n<p>Pour des questions de s\u00e9curit\u00e9, d&rsquo;assurance et de propret\u00e9, portez des chaussures adapt\u00e9es \u00e0 la pratique du badminton. Des semelles blanches et propres sont obligatoires dans nos deux salles.<\/p>\n<p>Les joueurs d\u00e9sirant faire des tournois officiels ou des interclubs doivent obligatoirement \u00eatre pr\u00e9alablement inscrits \u00e0 la ligue . Activbad \u00e9tant un club de loisir, vous pouvez passer l&rsquo;affiliation via notre club partenaire : la plume st\u00e9pahnoise (0473\/690808)<\/p>\n<p>Bon amusement et vive le sport.<\/p>\n<p>Un grand merci \u00e0 tous!<\/p>\n","protected":false},"excerpt":{"rendered":"<p>Afin de pratiquer\u00a0 votre sport favori dans une bonne ambiance, le respect de tous et des salles que nous louons, voici quelques points \u00e0 garder \u00e0 l\u2019esprit : Dans la salle prenez votre bouteille d\u2019eau en plastique. Pour votre sant\u00e9 &hellip; <a href=\"https:\/\/activlife.be\/index.php\/reglement-interieur\/\">Continuer la lecture <span class=\"meta-nav\">&rarr;<\/span><\/a><\/p>\n","protected":false},"author":1,"featured_media":84,"parent":0,"menu_order":0,"comment_status":"closed","ping_status":"closed","template":"","meta":{"inline_featured_image":false,"footnotes":""},"class_list":["post-146","page","type-page","status-publish","has-post-thumbnail","hentry"],"_links":{"self":[{"href":"https:\/\/activlife.be\/index.php\/wp-json\/wp\/v2\/pages\/146","targetHints":{"allow":["GET"]}}],"collection":[{"href":"https:\/\/activlife.be\/index.php\/wp-json\/wp\/v2\/pages"}],"about":[{"href":"https:\/\/activlife.be\/index.php\/wp-json\/wp\/v2\/types\/page"}],"author":[{"embeddable":true,"href":"https:\/\/activlife.be\/index.php\/wp-json\/wp\/v2\/users\/1"}],"replies":[{"embeddable":true,"href":"https:\/\/activlife.be\/index.php\/wp-json\/wp\/v2\/comments?post=146"}],"version-history":[{"count":2,"href":"https:\/\/activlife.be\/index.php\/wp-json\/wp\/v2\/pages\/146\/revisions"}],"predecessor-version":[{"id":832,"href":"https:\/\/activlife.be\/index.php\/wp-json\/wp\/v2\/pages\/146\/revisions\/832"}],"wp:featuredmedia":[{"embeddable":true,"href":"https:\/\/activlife.be\/index.php\/wp-json\/wp\/v2\/media\/84"}],"wp:attachment":[{"href":"https:\/\/activlife.be\/index.php\/wp-json\/wp\/v2\/media?parent=146"}],"curies":[{"name":"wp","href":"https:\/\/api.w.org\/{rel}","templated":true}]}}